*x + 118. Suppose -a = 3*s + 12, -a - s = s + 8. Is j(a) prime?
False
Let k be 7/(-2)*(1 + -11). Suppose 6*r - k = r. Suppose 3*y + 1 - r = 0. Is y a composite number?
False
Suppose 984 = 5*b - 4*i, -b + 2*b - i - 196 = 0. Let p(a) = -66*a - 1. Let l be p(2). Let z = l + b. Is z a prime number?
True
Is (-31056)/(-28) - (-3)/(-21) composite?
False
Let t = -45 + -13. Let l = 109 + t. Is l a composite number?
True
Suppose -4*w + 83 = 2*j - 5*w, -49 = -j + 2*w. Suppose -p - j = 5. Let q = -25 - p. Is q composite?
False
Let z be ((-3)/2)/((-6)/16). Let s = z - 0. Suppose -3*w = s*m - 78, 2*w + 2*m - 22 = 28. Is w a composite number?
True
Let d(t) = 4*t**3 - 6*t**2 + 17*t + 11. Is d(8) composite?
False
Let z = 190 - 41. Is z composite?
False
Suppose 3769 = 5*h - 5466. Is h a composite number?
False
Suppose -5*s - 5*i + 10 = 0, -4*i - 35 = -4*s + i. Suppose v + s*m = 57 - 3, -400 = -5*v + m. Is v a composite number?
False
Let y = 686 - 352. Is y composite?
True
Let m be (2/(-4))/(2/(-16)). Let s be (172 - -2)*10/m. Suppose 0 = 5*b + s - 1090. Is b prime?
True
Let h(o) = o**3 - 6*o**2 - 4*o + 5. Let d be h(6). Suppose 3 = -5*p - 3*i, 3*p + 0*p = -5*i - 5. Let v = p - d. Is v a composite number?
False
Suppose u + c - 2*c = 206, -2*u = 5*c - 447. Is u a composite number?
False
Suppose 15*q + 3437 = 16*q. Is q composite?
True
Let d = -3 - -3. Suppose 3*s - 7*s = d. Suppose 235 = 5*k + 2*j, -3*k - 3*j + 132 = -s*j. Is k a composite number?
True
Let z(m) = m**2 - 8*m - 7. Let o be z(9). Is 2 + -2 + o + 17 prime?
True
Let u(f) = 165*f + 7. Let n be u(-5). Let q = 1327 + n. Is q prime?
True
Suppose 7*l - 2*l = 25. Suppose -l*g = -g - 1460. Is g composite?
True
Let p be 1/(1 - (-6)/(-8)). Is 2/(p/21)*2 a prime number?
False
Suppose -4*y = -2*y - 2*x + 36, 4*y + 87 = -x. Let f = 1 - -6. Is (-2)/f - 1203/y a prime number?
False
Let f = -10 + 42. Suppose d - f = 23. Let v = -2 + d. Is v composite?
False
Suppose 5*j = 3*j + 164. Is j prime?
False
Let l(m) = -m**3 - 6*m**2 + 4*m - 10. Is l(-7) composite?
False
Let a(u) = u**3 + 12*u**2 - 12*u + 7. Let p be a(-11). Is 2*3/(-2) + p a composite number?
False
Let f = 81 + -24. Suppose 2*j = 5*j - f. Is j a composite number?
False
Let q(f) = f**3 - 6*f**2 + 3*f + 7. Let p(y) = 6*y**3 - y**2 + 2*y - 1. Let b be p(1). Is q(b) a prime number?
False
Let g = 67 - -222. Is g prime?
False
Suppose -6*o = -8*o. Is o + 66 + -1 + 4 prime?
False
Let n = -3 + 3. Suppose 3*o + n*o = 66. Is o composite?
True
Let l(c) = -c + 7. Let q be l(6). Is ((-3)/q)/((-3)/22) composite?
True
Let m = 8 + -11. Let k = 15 + m. Is 763/6 - 2/k prime?
True
Let z = -20 + 20. Suppose z*x - 47 = -x. Is x composite?
False
Let p = 163 + -86. Is p a prime number?
False
Let p be 0 - 2*6/(-4). Let y(d) = d**3 + 9*d**2 - 11*d - 7. Let t be y(-10). Suppose 5*f - 7 = s - t*s, s - 9 = p*f. Is s composite?
True
Suppose 0 = -2*z - 7*z + 37359. Is z a composite number?
True
Suppose -2*g + 7 = 1. Is 3 - (-35 + -2 + g) a prime number?
True
Let a(g) = 6*g - 5. Is a(7) a composite number?
False
Let j(o) be the second derivative of o**7/504 + o**6/720 + o**4/12 - o. Let h(y) be the third derivative of j(y). Is h(1) prime?
False
Suppose 5*k - 13 = i, 0 = k + 5*i + 14 - 1. Suppose -x - c + 411 = 0, 3*c = -2*x - k*c + 816. Is x prime?
False
Let v(a) = -a**2 - 4*a. Let w be v(-3). Let x(n) = n - 2. Let y be x(-14). Let j = w - y. Is j prime?
True
Let f(o) = 749*o + 16. Is f(2) a prime number?
False
Let l(z) = 8 + 15*z - 11*z + 13*z. Let n(g) = 2*g**2 + g + 1. Let x be n(-2). Is l(x) prime?
True
Suppose 0 = 5*y - 4 + 49. Let q(j) = -j**2 - 8*j - j + 13 + 6*j - 8*j. Is q(y) a composite number?
False
Let k(b) = -16*b + 15. Is k(-11) composite?
False
Let l(g) = -g**3 - 5*g**2 - 4*g + 2. Let i be l(-4). Suppose -5*n - j = -93 - 17, 21 = i*n + 5*j. Is n a composite number?
False
Let j be 1/((-2 + -1)/(-9)). Suppose -3*m - 3*l + 948 = 0, -m + j*l = 14 - 342. Suppose 0 = 2*c - 103 - m. Is c a prime number?
True
Let w(m) = m**2. Let s be w(2). Suppose -b = -5*l - 223, s*l = -5*b - l + 995. Is b a composite number?
True
Let c(h) = 2*h + 13. Let r be ((-15)/(-10))/((-2)/(-16)). Is c(r) a composite number?
False
Is (2744/(-12) + 4)/((-2)/3) composite?
False
Suppose m - 10 + 4 = 0. Let b be 0 - (1 + -1 + -24). Suppose -m = -3*u + b. Is u composite?
True
Let j(g) = -g**3 - 5*g**2 - 3*g - 5. Is j(-8) a composite number?
False
Let g = -236 - -347. Is g composite?
True
Suppose 15 = 4*f - 5*a + 5, 4*a - 8 = 0. Suppose -2*i = -f*i + 390. Suppose 6*m - i = m. Is m a composite number?
True
Suppose -5*a - 4*p = 12, 2*a - 2*p - 12 = 6*a. Is ((-134)/a)/((-1)/(-2)) a prime number?
True
Let y = 4 - 1. Suppose y*q - 3*h = -0*q + 96, 4*h - 27 = -q. Is q composite?
False
Suppose 2*t - 86 = 4*c, 2*t + 4*c - 55 = t. Is t a prime number?
True
Suppose 2*m - 27 = -5*p, 2*m - 5*p - 3 = -m. Suppose -m*i = -3*i - 789. Is i a prime number?
True
Let d(s) = s + 3. Let g be d(-8). Let b be 1/2 - g/2. Is (22/b)/(10/195) composite?
True
Let l(g) = -5*g**3 - 6*g**2 - 6*g - 4. Let q be l(-4). Let t = q + -122. Suppose 5*u + i - 350 = -0*i, -2*u + t = 4*i. Is u a composite number?
False
Suppose 3*o - 389 = -4*h, -o - o - 3*h = -258. Suppose 4*x = 3*j - 152, -3*x = 3*j - 6*x - 156. Let n = o - j. Is n prime?
True
Suppose 2*z + 411 - 1749 = 0. Is z a prime number?
False
Suppose 188 + 270 = 2*n. Suppose 3*o = n + 116. Is o a prime number?
False
Let h(d) = -d - 3. Let b be h(-8). Suppose 2*j = b*t + 108, 2*t + 43 = 2*j - 59. Is j prime?
False
Let v be 2 + (0/(-2))/(-3). Suppose v*b + 0 - 8 = 0. Suppose -3*f = 3*j - 174, 2*f - b*j - 43 = f. Is f a prime number?
False
Suppose 6*q - 4*q + 14 = 0. Let t(z) = -z**3 - 6*z**2 - z - 8. Let m be t(-6). Is -1*q*m/(-2) prime?
True
Let h(g) = -2*g**3 - g + 149. Is h(0) a composite number?
False
Let v(d) be the second derivative of 43*d**5/20 - d**3/3 + d**2/2 + 2*d. Let l be v(1). Suppose 4*a - l = 2*a. Is a prime?
False
Let c = -783 + 2224. Is c prime?
False
Suppose -p + 3*p - 226 = 0. Is p prime?
True
Let y = 6 - 6. Suppose -14 = -2*j - y. Is j composite?
False
Let y be ((-2)/4)/((-4)/(-48)). Let r = 0 - y. Is 3*(62/r)/1 prime?
True
Let t be -1*2 - (-1 - 3). Suppose t*z - z = 19. Is z prime?
True
Let z = -1 - 4. Let q(j) = -2*j**3 + j**2 - 3*j - 3. Is q(z) a composite number?
True
Suppose -3*b - 130 = -319. Suppose -55 = -2*s + 4*q + b, -3*q - 267 = -5*s. Is s a composite number?
True
Let p(s) = 5*s**3 - s**2 - 2*s + 2. Let j be p(5). Suppose 1003 = 5*c - j. Is c a prime number?
False
Let j(k) = k**2 + 2*k + 307. Is j(0) composite?
False
Let t(z) = -z**3 + 5*z**2 + 9*z - 2. Let b be t(6). Suppose 12 = -10*y + 6*y. Is b - (6/y + 4) a prime number?
False
Let d(p) = 80*p**2 - 3. Is d(3) prime?
False
Suppose -4*z - 526 = -3*d - 181, 0 = -5*z - 5*d - 405. Let l = z - -221. Let k = -40 + l. Is k a prime number?
True
Let u(p) = -100*p + 57. Is u(-11) a prime number?
False
Suppose -3*b + 0*b + 6 = 0. Suppose u = -3*w + 548, b*w + 2 = -8. Is u a prime number?
True
Let m(f) = 4*f - 46. Is m(15) prime?
False
Suppose -2*r - w + 86 = 0, 0 = -5*r + 4*w - 45 + 273. Suppose -18 = -2*v + r. Is v prime?
True
Let s be 1318/11 + 26/143. Suppose -5*h - 3*c + 9 = 0, -h - 3 = 2*c - 3*c. Suppose -a - 1 = 4*b, -5*a + h*b + s = -5*b. Is a a prime number?
True
Suppose -5*u + 315 = 5*y - 2*u, 81 = y - 3*u. Suppose 4*d - y = d. Is d composite?
True
Suppose -16 = -4*k - 4*n, 3*n + 2 = 5*n. Let y(p) = 3*p**3 - 5*p**2 + 3*p + 2. Is y(k) composite?
False
Let n = -1 + 4. Is (6 + -9)*(-413)/n composite?
True
Let j(a) = a**2 + a + 26. Is j(0) a composite number?
True
Suppose -2*r = 2*r - 108. Suppose 5*a = -2*x - 32, 4*a + 0*x + r = -3*x. Is 56/a*(-6)/4 a prime number?
False
Let m be 4/4 - -61*5. Suppose 2*i + 2*x = -2*i + m, -i = -4*x - 81. Is i composite?
True
Suppose -u + 89 = -150. Is u a prime number?
True
Is (2 + -1)/(15/7035) composite?
True
Suppose 0 = -4*z + 2*c + 64, 5*z - 104 + 24 = -3*c. Suppose 0 = s - 5*s + z. Suppose -2*k + k + 27 = s*w, -4*w = -k - 13. Is k a composite number?
False
Suppose 2*f = -f + 75. Is f composite?
True
Let o(s) = s - 13. Let c be o(16). Suppose c*i = 233 + 214. Is i composite?
False
Suppose 7*h + 2*h = 5247. Is h composite?
True
Let c be (10/(-5))/(3/(-237)). Let i = 235 - c.